or of t and 48?
24
Let y be (2*(-5)/20)/((-1)/10). Suppose 5*v - 5*i = 575, y*v - 4*i + 129 = 709. What is the highest common factor of 48 and v?
24
Let a = -26 + 46. Let q = a - 17. What is the greatest common divisor of 3 and q?
3
Let v(y) = -y**3 - y**2 + 12*y + 17. Let q be v(0). Calculate the highest common factor of q and 1088.
17
Let q be ((-627)/(-6)*3)/(72/144). Calculate the highest common factor of q and 38.
19
Let j = 78 - 79. Let y(c) = -2*c**3 - c**2 + c + 2. Let m be y(j). What is the highest common factor of m and 34?
2
Let b be 4341/12 - (-259)/(-148). What is the highest common factor of 45 and b?
45
Suppose 2*l = 4*w - 158, 2*w - 159 = -2*w + 3*l. Calculate the greatest common factor of w and 663.
39
Suppose -2*z + 2*u - 227 = -3*z, -3*u - 853 = -4*z. Calculate the greatest common divisor of 62 and z.
31
Let v(j) = 17*j - 4. Let g be v(2). Suppose -4*f + 5*c = -460, -100 = 2*f - 3*f + 5*c. Calculate the greatest common divisor of g and f.
30
Let f = -281 + 369. Let n = 22 + -14. Calculate the highest common divisor of f and n.
8
Suppose -3697 = -6*c - 3691. Calculate the highest common divisor of 24 and c.
1
Suppose -39 - 15 = 3*k. Suppose 2*o + z = -o + 79, 3*z + 101 = 4*o. Let r = k + o. Calculate the highest common factor of 40 and r.
8
Suppose -5*r + 2 + 48 = 0. Let u be ((-6)/r)/((-4)/20). Suppose -3*b = 5*w - 775, 0*w - 3*b + 471 = u*w. What is the greatest common factor of w and 19?
19
Let s(o) = o**3 - o**2 - 136. Let x be (-2 - -2)*(-4 + 5). Let h be s(x). Let g be 5/(h/(-132) + -1). What is the greatest common divisor of g and 15?
15
Let r(m) = m**3 + 5*m**2 - 21*m + 19. Let k be r(3). Calculate the highest common divisor of 154 and k.
14
Let u = -952 - -1042. Calculate the greatest common factor of 250 and u.
10
Suppose -3*u - 873 = -927. What is the highest common divisor of u and 48?
6
Suppose 0 = k - 0*h - 4*h + 13, k + 2*h - 5 = 0. Let s be (-1)/k*(68 + -3). What is the highest common divisor of s and 26?
13
Suppose -195 - 199 = -2*b. Suppose 0 = -f + 4*c + 136, f - 5*c - 154 + 13 = 0. Let x = b - f. What is the greatest common factor of x and 9?
9
Let p(n) be the first derivative of n**4/4 + 5*n**3 + 4*n**2 - 22*n + 6. Let q be p(-14). Calculate the greatest common factor of q and 155.
31
Suppose 2*u + 1 + 4 = -3*r, 4*u - r = 11. Let l be (-142)/(-9) - u/(-9). What is the highest common divisor of l and 2?
2
Let v be 4/(2 - 0) + 2. Let d(w) = 2*w**2 + 2*w - 4. Let c be d(2). Calculate the greatest common divisor of c and v.
4
Suppose 18*c - 20*c + 8 = 3*s, 0 = s - 3*c + 1. Calculate the highest common divisor of s and 3.
1
Let l(o) = 14*o**3 - o**2 + 2*o. Suppose 5*a = 4*a - 4*r + 18, 4*a = -5*r + 28. Let d be l(a). What is the greatest common factor of 14 and d?
14
Let c = -87 - -192. Suppose 135 = 34*z - 31*z. What is the greatest common divisor of c and z?
15
Let p(i) = 2*i + 1. Let m(o) = o + 1. Let z(x) = 3*m(x) - 2*p(x). Let c be z(8). Let u be -1 + -1 - 84/c. Calculate the greatest common factor of 2 and u.
2
Let s(u) be the first derivative of u**2/2 + u + 8. Let w be s(12). What is the greatest common divisor of w and 52?
13
Suppose 25 = -6*p + 11*p. Calculate the greatest common factor of p and 3.
1
Suppose -3*m - 59 + 65 = 0. Suppose -2*v - 4 = -4*j, 0 = j + m*j + v - 8. Let p be (-2 + -1)*4/(-6). What is the greatest common divisor of j and p?
2
Let a(w) = 3*w**2 + 5*w + 8. Let m be a(8). Let o be -5*(-1)/(15/144). What is the highest common factor of m and o?
48
Let r = 486 + -288. Suppose -2*o + 2*g + 3 = -41, -o + 26 = -2*g. What is the greatest common factor of r and o?
18
Let d be 0 + 0 - 6*(-2 - 0). Let s(x) = 3*x - 14. Let r be s(6). What is the highest common divisor of r and d?
4
Suppose 0 = 17*m - 15*m - 2. Let b(d) = 5*d + 3. Let z be b(m). What is the highest common divisor of z and 16?
8
Let j(f) = f**2 - 14*f - 33. Let r be j(-4). What is the highest common divisor of 3 and r?
3
Suppose -5*t + 8 = -2. Suppose -127 = -3*g - z, -g - z + 45 = t*z. Calculate the greatest common factor of g and 28.
14
Let q = 1865 + -1860. Let l(k) = 2*k - 4. Let n be l(7). Calculate the greatest common divisor of q and n.
5
Suppose -4*s + s = -1227. Let l = 594 - s. What is the highest common divisor of l and 74?
37
Suppose -21*u - 836 = -4301. Calculate the greatest common divisor of u and 66.
33
Let n(r) = -r + 10. Let f(o) = 3*o**2 - 3*o. Let g be f(3). Let v = g + -29. Let x be n(v). What is the greatest common factor of 14 and x?
7
Suppose 5*u - 70 = -4*q, u = -2*u - q + 42. Let j = 19 - 14. Suppose -j*i = -145 - 625. What is the highest common divisor of i and u?
14
Let f(o) = 5*o + 9. Let c(h) = -4*h + 35. Let v be c(9). Let g be f(v). Calculate the highest common divisor of 1 and g.
1
Suppose 2*v + 143 = 5*g, -2*g = 3*g - 4*v - 141. Let n = -153 - -139. Let q = n + g. Calculate the highest common factor of 5 and q.
5
Suppose u + i = -2*i + 240, -10 = 5*i. Calculate the highest common factor of 410 and u.
82
Suppose -2*r = -3*w + 39 + 143, -2*w - 4*r + 116 = 0. What is the highest common divisor of w and 165?
15
Let t be (-1 + 10)*((-78)/27)/(-13). Suppose -3*g = -q - 56, t*g - 16 = -q + 23. What is the highest common divisor of 76 and g?
19
Let h(i) = -i**2 + 12*i - 24. Let b be h(15). Let y = -58 - b. What is the greatest common divisor of y and 121?
11
Let j(h) = 6*h - 40. Let i be j(21). Calculate the greatest common divisor of i and 129.
43
Let d = 33 + -56. Let q = d + 23. Let l(x) = x**2 + 144. Let v be l(q). What is the highest common divisor of v and 18?
18
Let h be (96/(-9))/((-8)/60). What is the greatest common divisor of 16 and h?
16
Suppose 7*f - 9*f + 528 = 0. Let m be ((-2)/6)/(2/f*-2). What is the highest common divisor of 66 and m?
22
Suppose -15 = -5*w + 3*b, -2*w - w - 3*b - 15 = 0. Let l be 9 - -15 - w*(-1)/(-2). What is the greatest common divisor of l and 24?
24
Suppose -3*l + 32 = 2*r - 45, 0 = l + 2*r - 23. What is the greatest common divisor of 621 and l?
27
Let s(t) = 8*t**2 + 4*t - 5. Let x be s(7). Suppose v = 5*o - x, 0*v + v - 425 = -5*o. Calculate the highest common factor of 28 and o.
28
Let p be (-2 - -1)/((-4)/12). Suppose -p*b - 3 = -15. Suppose -2*q = 2*q - 4*y - 44, b*y = 4. What is the highest common divisor of q and 60?
12
Suppose 3*h + 63 = 3*m, -2*m - 2*h = -h - 39. Suppose 0 = 18*a - m*a + 32. Calculate the greatest common factor of a and 144.
16
Let u = -31 - -31. Suppose u = 5*s - 4*f - 1084, 6*s - s - 5*f - 1085 = 0. Calculate the highest common factor of 27 and s.
27
Suppose -3*k - y + 376 = -3*y, -3*k + 364 = -5*y. Let o = -121 - -137. Calculate the highest common factor of o and k.
16
Let l(t) = 3*t**3 + 14*t**2 + 14*t + 30. Let y be l(-3). Let d(u) = -u**3 + u**2 + 2*u + 3. Let w be d(-2). Calculate the highest common factor of y and w.
11
Let o = 1114 - -4. Calculate the greatest common divisor of 26 and o.
26
Let j be (-90)/(-25) - (-32)/80. Let h be (-2)/(5/(-2) - -2). What is the greatest common factor of j and h?
4
Let i be (-158)/2*(-10)/(-4)*-2. What is the highest common factor of i and 316?
79
Let s be (11/(-4) - -2) + (-135)/(-4). What is the highest common divisor of s and 9?
3
Let d(l) = -l + 4. Let n be d(0). Suppose -4*f = 2*j - 4*j + 16, n*j + 3*f - 76 = 0. Calculate the greatest common divisor of j and 144.
16
Let u be 4*(3 + (-8)/8)*2. What is the greatest common divisor of u and 400?
16
Let g(b) = -5 + b**3 + 10 + 14*b - 13*b**2 - 2*b**3 + 15. Let d be ((-19)/5 + 1)*5. Let r be g(d). What is the highest common factor of 50 and r?
10
Let n be (2/(-3))/((-2)/33). Suppose 0 = 3*d - 6*d - 297. Let z be (d/(-15))/(2/30). What is the highest common factor of n and z?
11
Let w be (6/9)/(635/(-318) + 2). What is the greatest common divisor of w and 53?
53
Suppose -5*d - 16 + 176 = 0. Suppose 0 = -6*i + 76 + d. What is the greatest common divisor of 2 and i?
2
Let t be (-4)/(-42)*-15*14/(-2). Let f(o) = -o**3 + 13*o**2 - 12*o + 7. Let a be f(t). What is the highest common factor of a and 17?
17
Let a = -25 - -49. Let s = 35 - a. Let b = s + 2. What is the greatest common divisor of 13 and b?
13
Suppose 0 = -17*j + 124 + 131. What is the highest common divisor of 120 and j?
15
Suppose -q + 57 = 2*i - 7*i, -q + 87 = 5*i. Suppose 0 = 4*d